53 is divided by 51654?
305
Calculate the remainder when 59952 is divided by 873.
588
Calculate the remainder when 315006056 is divided by 2283.
2282
Calculate the remainder when 480988 is divided by 135.
118
Calculate the remainder when 2191098 is divided by 438218.
8
Calculate the remainder when 43520728 is divided by 7253444.
64
Calculate the remainder when 575201 is divided by 287396.
409
What is the remainder when 1163883 is divided by 1163860?
23
What is the remainder when 74657 is divided by 909?
119
What is the remainder when 1121033 is divided by 280110?
593
Calculate the remainder when 71159329 is divided by 393.
391
Calculate the remainder when 1603615 is divided by 534474.
193
Calculate the remainder when 35738667 is divided by 1025.
1017
Calculate the remainder when 380156 is divided by 5352.
164
Calculate the remainder when 158942184 is divided by 139.
132
Calculate the remainder when 2701208 is divided by 1703.
250
What is the remainder when 1013339 is divided by 30707?
8
What is the remainder when 153196 is divided by 21832?
372
What is the remainder when 2290535 is divided by 34705?
5
Calculate the remainder when 259580 is divided by 6655.
35
What is the remainder when 3624408 is divided by 149?
132
What is the remainder when 5960169 is divided by 47?
5
What is the remainder when 22345015 is divided by 22345010?
5
What is the remainder when 2643187 is divided by 611?
1
Calculate the remainder when 23408700 is divided by 1629.
1599
Calculate the remainder when 156523 is divided by 582.
547
What is the remainder when 1377078 is divided by 105927?
27
What is the remainder when 319374 is divided by 106442?
48
What is the remainder when 134663 is divided by 44026?
2585
What is the remainder when 1355189 is divided by 169395?
29
Calculate the remainder when 3325184 is divided by 178.
144
Calculate the remainder when 269504925 is divided by 252.
249
Calculate the remainder when 31500118 is divided by 611.
13
What is the remainder when 16472279 is divided by 8236112?
55
What is the remainder when 64816 is divided by 32269?
278
What is the remainder when 2854772 is divided by 26?
24
Calculate the remainder when 33368831 is divided by 2016.
2015
What is the remainder when 25650869 is divided by 104?
101
Calculate the remainder when 28498942 is divided by 47657.
56
What is the remainder when 5453601 is divided by 287029?
50
What is the remainder when 16944477 is divided by 1120?
1117
What is the remainder when 12107086 is divided by 16?
14
What is the remainder when 133738875 is divided by 44579622?
9
What is the remainder when 112774026 is divided by 181?
166
What is the remainder when 87480742 is divided by 875?
867
Calculate the remainder when 74804182 is divided by 2184.
2182
What is the remainder when 169956 is divided by 70?
66
What is the remainder when 1593671 is divided by 5366?
5335
What is the remainder when 5687646 is divided by 8818?
36
What is the remainder when 5405661 is divided by 701?
250
What is the remainder when 38413157 is divided by 21?
20
What is the remainder when 4550559 is divided by 113?
49
Calculate the remainder when 35215 is divided by 8228.
2303
Calculate the remainder when 575550 is divided by 82216.
38
What is the remainder when 62374 is divided by 1279?
982
What is the remainder when 39268 is divided by 1254?
394
What is the remainder when 226565 is divided by 960?
5
What is the remainder when 63395406 is divided by 16?
14
What is the remainder when 58809634 is divided by 342?
340
Calculate the remainder when 625522 is divided by 79.
0
Calculate the remainder when 45864 is divided by 7853.
6599
What is the remainder when 93265 is divided by 3451?
88
What is the remainder when 54443 is divided by 311?
18
Calculate the remainder when 856808 is divided by 27628.
340
Calculate the remainder when 51555040 is divided by 15.
10
What is the remainder when 118502 is divided by 59108?
286
Calculate the remainder when 5413755 is divided by 3413.
737
What is the remainder when 32254608 is divided by 4?
0
Calculate the remainder when 156005 is divided by 17287.
422
Calculate the remainder when 3596664 is divided by 42.
36
What is the remainder when 6018648 is divided by 130?
38
Calculate the remainder when 26494 is divided by 13179.
136
What is the remainder when 1800881 is divided by 1165?
956
Calculate the remainder when 4821730 is divided by 31718.
594
What is the remainder when 204911 is divided by 8768?
3247
Calculate the remainder when 7970693 is divided by 189.
185
What is the remainder when 698312 is divided by 1254?
1088
Calculate the remainder when 84625 is divided by 42304.
17
What is the remainder when 2580622 is divided by 1109?
1088
What is the remainder when 6280556 is divided by 1340?
1316
Calculate the remainder when 32227125 is divided by 27.
6
What is the remainder when 644168 is divided by 7?
0
What is the remainder when 24041 is divided by 855?
101
What is the remainder when 2312550 is divided by 6250?
50
Calculate the remainder when 21369866 is divided by 245.
231
Calculate the remainder when 15387969 is divided by 661.
550
Calculate the remainder when 4861 is divided by 148.
125
Calculate the remainder when 942834 is divided by 24175.
9
What is the remainder when 28463399 is divided by 71?
67
Calculate the remainder when 96819 is divided by 1088.
1075
What is the remainder when 306485951 is divided by 96?
95
What is the remainder when 11634526 is divided by 477?
19
Calculate the remainder when 2285748 is divided by 410.
408
What is the remainder when 486211 is divided by 242944?
323
Calculate the remainder when 85263 is divided by 17006.
233
What is the remainder when 9174840 is divided by 33?
15
Calculate the remainder when 222903 is divided by 74081.
660
Calculate the remainder when 529407 is divided by 26461.
187
What is the remainder when 1163685 is divided by 15?
0
Calculate the remainder when 2089541 is divided by 73.
62
Calculate the remainder when 9499014 is divided by 1860.
1854
What is the remainder when 15499729 is divided by 447?
4
What is the remainder when 12954822 is divided by 309?
306
What is the remainder when 1319457 is divided by 5407?
149
Calculate the remainder when 71309181 is divided by 128.
125
Calculate the remainder when 83358194 is divided by 6146.
6142
What is the remainder when 379406 is divided by 94777?
298
What is the remainder when 820499052 is divided by 15?
12
What is the remainder when 557670 is divided by 17?
2
What is the remainder when 29715136 is divided by 54724?
4
What is the remainder when 24755 is divided by 148?
39
What is the remainder when 1157123 is divided by 53?
27
Calculate the remainder when 284959 is divided by 161.
150
What is the remainder when 80874286 is divided by 682?
680
Calculate the remainder when 79436 is divided by 5850.
3386
Calculate the remainder when 22869704 is divided by 22869683.
21
Calculate the remainder when 66265 is divided by 2361.
157
Calculate the remainder when 53480384 is divided by 153.
152
Calculate the remainder when 946656 is divided by 8528.
48
What is the remainder when 373625 is divided by 506?
197
Calculate the remainder when 105260 is divided by 6186.
98
What is the remainder when 85560 is divided by 28517?
9
What is the remainder when 28995 is divided by 9397?
804
What is the remainder when 34849921 is divided by 3418?
3411
What is the remainder when 74128 is divided by 182?
54
Calculate the remainder when 267201 is divided by 26695.
251
Calculate the remainder when 115765 is divided by 297.
232
What is the remainder when 88125396 is divided by 1640?
1636
What is the remainder when 1842697 is divided by 8692?
8685
Calculate the remainder when 324070 is divided by 53998.
82
Calculate the remainder when 248988 is divided by 2092.
40
Calculate the remainder when 438993 is divided by 781.
71
What is the remainder when 1318909 is divided by 16084?
21
Calculate the remainder when 283459 is divided by 94485.
4
Calculate the remainder when 354962 is divided by 493.
2
Calculate the remainder when 248680124 is divided by 1125.
1124
What is the remainder when 1498119 is divided by 20?
19
What is the remainder when 5015755 is divided by 501543?
325
Calculate the remainder when 302664 is divided by 1673.
1524
Ca